 and n.
15
Let n = 79 - -110. What is the highest common factor of n and 27?
27
Let t(x) = -x. Suppose 4*w - 3*q + 26 = -0*w, 0 = w - 2*q + 9. Let d be t(w). What is the greatest common factor of 10 and d?
5
Let h(x) = 3*x**2 + 1. Let o be h(-1). Let f(u) = -3*u + 43. Let d be f(13). Calculate the highest common factor of o and d.
4
Let t be 6050/33 + (2 - 10/3). Calculate the greatest common divisor of 26 and t.
26
Suppose -a - 4*a = -20. Suppose x = a*x - 273. Calculate the greatest common factor of x and 13.
13
Let b = 74 + 283. What is the highest common divisor of 21 and b?
21
Let t = 435 - 281. Let y = -110 + t. Suppose -y = -n - 3*n. What is the highest common factor of n and 44?
11
Let x be 7/3 + (-4)/12. Suppose -10 = 2*t, -t = -2*i + 5*i + x. Let h be i + -1*2 + 16. What is the greatest common factor of h and 105?
15
Let p(b) = b**3 - 11*b**2 + 12*b - 11. Let l be p(11). Calculate the greatest common factor of 11 and l.
11
Let v be (-1584)/(-156) + 4/(-26). What is the highest common divisor of 80 and v?
10
Let s(q) = 3*q**2 + 8*q - 4. Let n be s(-4). What is the highest common divisor of n and 132?
12
Suppose 4*n - 3*n = -2*p + 52, 0 = 4*n - 5*p - 195. What is the highest common factor of n and 125?
25
Let t = -6 + 9. Suppose t*d + d = 280. What is the greatest common factor of 14 and d?
14
Let r(b) = 4*b**2 - 63 + 0*b**2 + 2*b - b**3 - 5*b + 70. Let l be r(3). Calculate the highest common factor of 70 and l.
7
Let z be (-5)/15 - (-13)/3. Let t = z - 2. Suppose 3*d - 264 = -4*y, -d - 319 = -5*y - t*d. What is the greatest common divisor of y and 9?
9
Suppose -5*b = -2*b - 150. Calculate the highest common divisor of b and 10.
10
Suppose 35 = 5*i - 65. Let k = -7 - -11. What is the greatest common divisor of k and i?
4
Let v = 27 + -14. What is the greatest common factor of 26 and v?
13
Suppose 0 = -4*u + p + 174, -u - 210 = -6*u + 5*p. Calculate the greatest common divisor of u and 110.
22
Let d be 1*-3 - (-12 - -3). Let b be 2/(-3) - (-316)/d. What is the greatest common divisor of 13 and b?
13
Let z be (8/6)/((-2)/(-3)). Suppose z*l + 3 = 3*l. Suppose -d + l*d = 10. Calculate the highest common divisor of d and 2.
1
Let v be -44*(51/(-4) + 3). What is the greatest common divisor of 39 and v?
39
Let u(p) = p**3 + 4*p**2 + 2. Let d be u(-4). What is the highest common divisor of 8 and d?
2
Let y be 510/4 - 12/8. Calculate the greatest common divisor of 14 and y.
14
Let v = -4 + 7. Suppose 24 = 2*l - 2*k, -2*k - 12 = -4*l + v*l. Let n be 216/16*(-16)/(-6). What is the highest common factor of n and l?
12
Suppose 5*l - 15 = -5*g, 2*g + l = -2*g + 21. Calculate the greatest common divisor of g and 2.
2
Suppose 5*h + 415 = 5*y, -y - 2*h + 26 = -51. What is the greatest common factor of 9 and y?
9
Suppose -4*v + v = 5*d - 65, 0 = 4*v - 4*d - 44. What is the greatest common factor of 45 and v?
15
Let p = -3 - -2. Let w be 25*2 - (-3 - p). Calculate the highest common factor of 13 and w.
13
Suppose -11 - 5 = -4*o. Suppose 2*g = 5*i + 52, 2*i - 72 = -6*g + g. What is the highest common factor of g and o?
4
Let m(r) = -22*r + 14. Let b be m(-17). Let o = -223 + b. What is the highest common factor of 66 and o?
33
Let l = 161 + -80. Suppose -4*p + 3*p + 18 = 2*k, -4*p + 18 = 2*k. What is the greatest common factor of l and k?
9
Let d be 3/9*23*3. Let s = -8 + d. Let p be (-43)/(-9) + 6/27. Calculate the highest common factor of s and p.
5
Let s be ((-17)/(-17))/(2/22). Suppose -4*n + 287 = 5*x, x - 32 = 4*n + 11. Calculate the greatest common factor of s and x.
11
Let h = 25 - 2. Let x = -16 + h. Calculate the greatest common divisor of 21 and x.
7
Let q(o) = o**2 + 9*o + 41. Let h be q(-5). What is the highest common divisor of 7 and h?
7
Let u(y) = -7*y - 1 - y**3 + 3 - 8*y**2 - 1. Let d = -18 + 11. Let s be u(d). Calculate the greatest common factor of 7 and s.
1
Let t = -4 + 14. Suppose 4*m = -3*j - 14, 3*j - 3*m + 8*m = -16. Let k be (j - 1) + 132/4. What is the highest common divisor of t and k?
10
Suppose 4*u - 3*w = -0*w + 38, -u - 2*w + 4 = 0. Let k be (-124)/(-6) + (-4)/6. What is the highest common factor of u and k?
4
Let t = 5 + 4. Let v be 4*t/(-8)*2. Let w(k) = -7*k + 3. Let r be w(v). What is the greatest common divisor of r and 22?
22
Suppose -2*h = -h, 2*h = 5*g - 50. Calculate the highest common divisor of 2 and g.
2
Let d be (0 + 13)/((-1)/(-2)). What is the highest common factor of 130 and d?
26
Let f = -66 - -136. Let i(x) = 7*x + 0*x - 6*x + 3*x**2. Let q be i(2). Calculate the greatest common factor of q and f.
14
Suppose 7*j = 2*j + 720. Calculate the highest common factor of 18 and j.
18
Suppose -11 = -4*a + 1. Suppose -a*u = -8 - 181. Calculate the greatest common factor of 7 and u.
7
Suppose -5*h = 3*n - 9 - 45, -23 = -2*n + h. Calculate the highest common factor of 91 and n.
13
Let b(t) = -t**2 - 6. Let c(a) = 3*a**2 - a + 13. Let y(g) = 7*b(g) + 3*c(g). Let v be y(-2). What is the greatest common factor of 121 and v?
11
Suppose -n = s - 116, -4*s + 3*s = 4*n - 113. Let g = s - 77. Calculate the greatest common factor of g and 16.
8
Let h be 83/3 - (-8)/(-12). Let z = h - 12. Let o = 380 + -215. What is the highest common divisor of o and z?
15
Let w(q) = q + 3. Let m be w(0). Let z be 22 + m + -2 + -2. Suppose -3*j - 2*j + 15 = 0. What is the highest common factor of z and j?
3
Let t(k) = k**3 - 10*k**2 + 2*k + 12. Let p be t(10). What is the highest common divisor of p and 8?
8
Let c be 2/12 + (-426)/(-36). Let b be -32*1*(-6)/4. Let x = b - 24. What is the greatest common divisor of x and c?
12
Let h(b) = -3*b**3 - b**2 + b + 7. Let x be h(-5). Let r = x - 217. Calculate the greatest common divisor of r and 54.
27
Let d(y) = -y + 4. Let q be d(-3). Let r = 206 + -145. Let s = -33 + r. Calculate the highest common factor of q and s.
7
Let w = 268 - 100. Suppose 5*h = -2*y + 3*h + 40, 1 = -h. What is the highest common divisor of w and y?
21
Let l = -328 + 760. Let a = l - 243. What is the highest common factor of a and 27?
27
Suppose -5*v - 5 = -2*q, -3*q + 50 = 2*q - 5*v. Calculate the highest common divisor of q and 75.
15
Let o be 3*(2 - (-3)/9). Calculate the greatest common factor of 63 and o.
7
Let b(g) = -g**2 - 8*g - 1. Let h be b(-6). Suppose t - h + 3 = -3*y, 3*y = t - 2. Let o be 1/t - 777/(-15). Calculate the highest common divisor of 13 and o.
13
Let b = -2 + 2. Suppose -5*c = -b*c - 15. Suppose -s + 10 = c*v - 48, -s = 2*v - 38. What is the highest common factor of v and 10?
10
Suppose 0 = 7*m + 12 - 75. Calculate the highest common factor of 3 and m.
3
Let k = 64 - 16. What is the greatest common factor of 16 and k?
16
Let n = 9 + 5. What is the highest common factor of n and 14?
14
Let y = -5 + 5. Suppose -5*m + y*z + 31 = z, -9 = m + 4*z. Calculate the greatest common factor of 35 and m.
7
Let z be (90/(-35))/((-1)/(-7)). Let f be z/5*(5 - 20). What is the greatest common divisor of 18 and f?
18
Suppose -a + 5*b = 2*a - 277, 3*b = -2*a + 210. Calculate the highest common divisor of a and 18.
9
Suppose -4*b + b + 15 = 0. Calculate the greatest common factor of 55 and b.
5
Let d = -26 - -31. Calculate the highest common factor of d and 25.
5
Let p = 10 + -7. Let g be 1/(-5) - (-242)/10. Let i be -2 + (-5)/((-15)/g). Calculate the highest common divisor of i and p.
3
Let d = 27 + -10. Suppose -17 - 408 = -5*s. What is the greatest common divisor of s and d?
17
Let h = 75 - 35. Suppose -5*k - w + 18 = -82, -2*k + w = -h. Let n be -15*(-4 - 2/(-3)). Calculate the highest common divisor of n and k.
10
Suppose -t - 1 = -5. Let l = -5 + 10. Suppose -k - 4*g + 8 = 0, g - 43 + 3 = -l*k. What is the greatest common divisor of t and k?
4
Suppose -5*u = -n - 161 - 155, 2*u - 4*n - 130 = 0. Let m(t) = 7*t**2 - t - 1. Let d be m(-1). What is the greatest common divisor of u and d?
7
Suppose 8*y = 6*y + 10. Let t(a) = -3*a**3 + 2*a**2 + 3*a - 3. Let o be t(2). Let h = 33 + o. Calculate the highest common factor of h and y.
5
Let w = 14 + -8. Let y be 4/w + (-56)/(-6). Suppose 0 = -5*r, -8*d = -3*d + 4*r - 450. What is the highest common divisor of y and d?
10
Let g be 10/70 + 727/7. Calculate the highest common divisor of g and 16.
8
Let z(i) be the third derivative of i**5/30 + i**4/12 - i**3 + 3*i**2. Le